{"id":720,"date":"2011-09-14T16:01:26","date_gmt":"2011-09-14T19:01:26","guid":{"rendered":"http:\/\/www.precolombino.cl\/wp\/"},"modified":"2012-03-01T12:33:50","modified_gmt":"2012-03-01T15:33:50","slug":"la-institucion","status":"publish","type":"page","link":"https:\/\/precolombino.cl\/wp\/en\/museo\/la-institucion\/","title":{"rendered":"Our Institution"},"content":{"rendered":"<p>Han transcurrido m\u00e1s de dos d\u00e9cadas desde que Sergio Larra\u00edn Garc\u00eda-Moreno y la Ilustre Municipalidad de Santiago, fundaron el Museo Chileno de Arte Precolombino. Fue una iniciativa pionera para Latinoam\u00e9rica el crear una instituci\u00f3n que custodiara, estudiara y divulgara el legado art\u00edstico de todos los pueblos precolombinos de Am\u00e9rica, sin tomar en cuenta las fronteras pol\u00edticas que hoy dividen a sus pa\u00edses.<\/p>\n<p>Durante la d\u00e9cada de 1970, Sergio Larra\u00edn Garc\u00eda-Moreno va tomando conciencia de la importancia que ha adquirido su colecci\u00f3n y de la urgencia de preocuparse por su mantenci\u00f3n \u00edntegra y permanente,con un resguardo institucional m\u00e1s all\u00e1 de las contingencias. Entonces, inicia conversaciones con entidades universitarias y estatales con la intenci\u00f3n de hacer una donaci\u00f3n para que la colecci\u00f3n se exhiba, se conserve y acreciente. Despu\u00e9s de algunos intentos, encuentra una respuesta entusiasta en el Alcalde de Santiago, Patricio Mekis, quien acoge la idea y comienza a trabajar para encontrar un inmueble que cobije a la instituci\u00f3n.<\/p>\n<p>Paralelamente, Sergio Larra\u00edn encarga al abogado Julio Philippi I. un modelo legal que sirviera para dar nacimiento a una instituci\u00f3n estable, que cautelara los objetos, velara por su integridad y les diera un destino bajo las orientaciones y principios fundadores. Surge de este modo la Fundaci\u00f3n Familia Larra\u00edn Echenique, bautizada as\u00ed como una forma de manifestar que eran sus herederos, y no el mismo coleccionista, quienes hac\u00edan donaci\u00f3n de las colecciones para crear y mantener un museo orientado a su cuidado, estudio y difusi\u00f3n.<\/p>\n<p>De esta manera, mediante un convenio entre la Fundaci\u00f3n y la Ilustre Municipalidad de Santiago, quien aporta el edificio y los gastos generales de administraci\u00f3n, en diciembre de 1981 abre sus puertas al p\u00fablico el Museo Chileno de Arte Precolombino.<\/p>","protected":false},"excerpt":{"rendered":"<p>Han transcurrido m\u00e1s de dos d\u00e9cadas desde que Sergio Larra\u00edn Garc\u00eda-Moreno y la Ilustre Municipalidad de Santiago, fundaron el Museo Chileno de Arte Precolombino. Fue una iniciativa pionera para Latinoam\u00e9rica el crear una instituci\u00f3n que custodiara, estudiara y divulgara el legado art\u00edstico de todos los pueblos precolombinos de Am\u00e9rica, sin tomar en cuenta las fronteras [&hellip;]<\/p>\n","protected":false},"author":1,"featured_media":24511,"parent":708,"menu_order":1,"comment_status":"open","ping_status":"closed","template":"page-vitrina-cultura.php","meta":{"ngg_post_thumbnail":0},"_links":{"self":[{"href":"https:\/\/precolombino.cl\/wp\/en\/wp-json\/wp\/v2\/pages\/720"}],"collection":[{"href":"https:\/\/precolombino.cl\/wp\/en\/wp-json\/wp\/v2\/pages"}],"about":[{"href":"https:\/\/precolombino.cl\/wp\/en\/wp-json\/wp\/v2\/types\/page"}],"author":[{"embeddable":true,"href":"https:\/\/precolombino.cl\/wp\/en\/wp-json\/wp\/v2\/users\/1"}],"replies":[{"embeddable":true,"href":"https:\/\/precolombino.cl\/wp\/en\/wp-json\/wp\/v2\/comments?post=720"}],"version-history":[{"count":3,"href":"https:\/\/precolombino.cl\/wp\/en\/wp-json\/wp\/v2\/pages\/720\/revisions"}],"predecessor-version":[{"id":28111,"href":"https:\/\/precolombino.cl\/wp\/en\/wp-json\/wp\/v2\/pages\/720\/revisions\/28111"}],"up":[{"embeddable":true,"href":"https:\/\/precolombino.cl\/wp\/en\/wp-json\/wp\/v2\/pages\/708"}],"wp:featuredmedia":[{"embeddable":true,"href":"https:\/\/precolombino.cl\/wp\/en\/wp-json\/wp\/v2\/media\/24511"}],"wp:attachment":[{"href":"https:\/\/precolombino.cl\/wp\/en\/wp-json\/wp\/v2\/media?parent=720"}],"curies":[{"name":"wp","href":"https:\/\/api.w.org\/{rel}","templated":true}]}}

<p>Han transcurrido más de dos décadas desde que Sergio Larraín García-Moreno y la Ilustre Municipalidad de Santiago, fundaron el Museo Chileno de Arte Precolombino. Fue una iniciativa pionera para Latinoamérica el crear una institución que custodiara, estudiara y divulgara el legado artístico de todos los pueblos precolombinos de América, sin tomar en cuenta las fronteras políticas que hoy dividen a sus países.</p>
<p>Durante la década de 1970, Sergio Larraín García-Moreno va tomando conciencia de la importancia que ha adquirido su colección y de la urgencia de preocuparse por su mantención íntegra y permanente,con un resguardo institucional más allá de las contingencias. Entonces, inicia conversaciones con entidades universitarias y estatales con la intención de hacer una donación para que la colección se exhiba, se conserve y acreciente. Después de algunos intentos, encuentra una respuesta entusiasta en el Alcalde de Santiago, Patricio Mekis, quien acoge la idea y comienza a trabajar para encontrar un inmueble que cobije a la institución.</p>
<p>Paralelamente, Sergio Larraín encarga al abogado Julio Philippi I. un modelo legal que sirviera para dar nacimiento a una institución estable, que cautelara los objetos, velara por su integridad y les diera un destino bajo las orientaciones y principios fundadores. Surge de este modo la Fundación Familia Larraín Echenique, bautizada así como una forma de manifestar que eran sus herederos, y no el mismo coleccionista, quienes hacían donación de las colecciones para crear y mantener un museo orientado a su cuidado, estudio y difusión.</p>
<p>De esta manera, mediante un convenio entre la Fundación y la Ilustre Municipalidad de Santiago, quien aporta el edificio y los gastos generales de administración, en diciembre de 1981 abre sus puertas al público el Museo Chileno de Arte Precolombino.</p>

<p>Han transcurrido más de dos décadas desde que Sergio Larraín García-Moreno y la Ilustre Municipalidad de Santiago, fundaron el Museo Chileno de Arte Precolombino. Fue una iniciativa pionera para Latinoamérica el crear una institución que custodiara, estudiara y divulgara el legado artístico de todos los pueblos precolombinos de América, sin tomar en cuenta las fronteras [&hellip;]</p>
