{"id":35753,"date":"2015-12-14T12:04:10","date_gmt":"2015-12-14T15:04:10","guid":{"rendered":"http:\/\/www.precolombino.cl\/?page_id=35753"},"modified":"2016-01-06T10:40:36","modified_gmt":"2016-01-06T13:40:36","slug":"orca-modelada","status":"publish","type":"page","link":"https:\/\/precolombino.cl\/wp\/exposiciones\/exposiciones-temporales\/mantos-funerarios-de-paracas-ofrendas-para-la-vida-2015\/como-se-leen-las-imagenes\/orca-modelada\/","title":{"rendered":"Orca modelada"},"content":{"rendered":"<p>El motivo de la orca aparece aqu\u00ed modelado en una botella con asa-puente, forma caracter\u00edstica de la cer\u00e1mica Nasca. En la \u201cmano\u201d, la orca lleva una cabeza cortada, lo que demuestra no solo el temor que infund\u00eda este mam\u00edfero marino, sino tambi\u00e9n el poder sobrenatural que se le atribu\u00eda.<\/p>","protected":false},"excerpt":{"rendered":"<p>El motivo de la orca aparece aqu\u00ed modelado en una botella con asa-puente, forma caracter\u00edstica de la cer\u00e1mica Nasca. En la \u201cmano\u201d, la orca lleva una cabeza cortada, lo que demuestra no solo el temor que infund\u00eda este mam\u00edfero marino, sino tambi\u00e9n el poder sobrenatural que se le atribu\u00eda.<\/p>\n","protected":false},"author":1,"featured_media":36246,"parent":35751,"menu_order":1,"comment_status":"open","ping_status":"closed","template":"page-nieto-expo-temporal-html.php","meta":{"ngg_post_thumbnail":0},"_links":{"self":[{"href":"https:\/\/precolombino.cl\/wp\/wp-json\/wp\/v2\/pages\/35753"}],"collection":[{"href":"https:\/\/precolombino.cl\/wp\/wp-json\/wp\/v2\/pages"}],"about":[{"href":"https:\/\/precolombino.cl\/wp\/wp-json\/wp\/v2\/types\/page"}],"author":[{"embeddable":true,"href":"https:\/\/precolombino.cl\/wp\/wp-json\/wp\/v2\/users\/1"}],"replies":[{"embeddable":true,"href":"https:\/\/precolombino.cl\/wp\/wp-json\/wp\/v2\/comments?post=35753"}],"version-history":[{"count":3,"href":"https:\/\/precolombino.cl\/wp\/wp-json\/wp\/v2\/pages\/35753\/revisions"}],"predecessor-version":[{"id":36553,"href":"https:\/\/precolombino.cl\/wp\/wp-json\/wp\/v2\/pages\/35753\/revisions\/36553"}],"up":[{"embeddable":true,"href":"https:\/\/precolombino.cl\/wp\/wp-json\/wp\/v2\/pages\/35751"}],"wp:featuredmedia":[{"embeddable":true,"href":"https:\/\/precolombino.cl\/wp\/wp-json\/wp\/v2\/media\/36246"}],"wp:attachment":[{"href":"https:\/\/precolombino.cl\/wp\/wp-json\/wp\/v2\/media?parent=35753"}],"curies":[{"name":"wp","href":"https:\/\/api.w.org\/{rel}","templated":true}]}}

<p>El motivo de la orca aparece aquí modelado en una botella con asa-puente, forma característica de la cerámica Nasca. En la “mano”, la orca lleva una cabeza cortada, lo que demuestra no solo el temor que infundía este mamífero marino, sino también el poder sobrenatural que se le atribuía.</p>
