{"id":35822,"date":"2015-12-14T15:39:13","date_gmt":"2015-12-14T18:39:13","guid":{"rendered":"http:\/\/www.precolombino.cl\/?page_id=35822"},"modified":"2016-01-19T15:28:06","modified_gmt":"2016-01-19T18:28:06","slug":"manto-ser-de-los-grandes-ojos","status":"publish","type":"page","link":"https:\/\/precolombino.cl\/wp\/exposiciones\/exposiciones-temporales\/mantos-funerarios-de-paracas-ofrendas-para-la-vida-2015\/mantos-para-la-otra-vida\/manto-ser-de-los-grandes-ojos\/","title":{"rendered":"Manto: Ser de los Grandes Ojos"},"content":{"rendered":"<p>Este manto es uno de los pocos textiles Paracas confeccionado en doble tela cuya decoraci\u00f3n se logra a medida que se va tejiendo. Presenta dise\u00f1os iguales en ambas caras, con los colores alternados entre las figuras y el fondo. El motivo principal es el Ser de los Grandes Ojos, de perfil y dotado de atributos de felino. Su larga cola dentada termina en una cabeza humana cortada y lleva en las manos cuchillos o cabezas colgando de cordones. Lo acompa\u00f1an aves bic\u00e9falas y versiones peque\u00f1as de este mismo ser.<\/p>","protected":false},"excerpt":{"rendered":"<p>Este manto es uno de los pocos textiles Paracas confeccionado en doble tela cuya decoraci\u00f3n se logra a medida que se va tejiendo. Presenta dise\u00f1os iguales en ambas caras, con los colores alternados entre las figuras y el fondo. El motivo principal es el Ser de los Grandes Ojos, de perfil y dotado de atributos [&hellip;]<\/p>\n","protected":false},"author":1,"featured_media":36434,"parent":35820,"menu_order":1,"comment_status":"open","ping_status":"closed","template":"page-nieto-expo-temporal-html.php","meta":{"ngg_post_thumbnail":0},"_links":{"self":[{"href":"https:\/\/precolombino.cl\/wp\/wp-json\/wp\/v2\/pages\/35822"}],"collection":[{"href":"https:\/\/precolombino.cl\/wp\/wp-json\/wp\/v2\/pages"}],"about":[{"href":"https:\/\/precolombino.cl\/wp\/wp-json\/wp\/v2\/types\/page"}],"author":[{"embeddable":true,"href":"https:\/\/precolombino.cl\/wp\/wp-json\/wp\/v2\/users\/1"}],"replies":[{"embeddable":true,"href":"https:\/\/precolombino.cl\/wp\/wp-json\/wp\/v2\/comments?post=35822"}],"version-history":[{"count":3,"href":"https:\/\/precolombino.cl\/wp\/wp-json\/wp\/v2\/pages\/35822\/revisions"}],"predecessor-version":[{"id":36888,"href":"https:\/\/precolombino.cl\/wp\/wp-json\/wp\/v2\/pages\/35822\/revisions\/36888"}],"up":[{"embeddable":true,"href":"https:\/\/precolombino.cl\/wp\/wp-json\/wp\/v2\/pages\/35820"}],"wp:featuredmedia":[{"embeddable":true,"href":"https:\/\/precolombino.cl\/wp\/wp-json\/wp\/v2\/media\/36434"}],"wp:attachment":[{"href":"https:\/\/precolombino.cl\/wp\/wp-json\/wp\/v2\/media?parent=35822"}],"curies":[{"name":"wp","href":"https:\/\/api.w.org\/{rel}","templated":true}]}}

<p>Este manto es uno de los pocos textiles Paracas confeccionado en doble tela cuya decoración se logra a medida que se va tejiendo. Presenta diseños iguales en ambas caras, con los colores alternados entre las figuras y el fondo. El motivo principal es el Ser de los Grandes Ojos, de perfil y dotado de atributos de felino. Su larga cola dentada termina en una cabeza humana cortada y lleva en las manos cuchillos o cabezas colgando de cordones. Lo acompañan aves bicéfalas y versiones pequeñas de este mismo ser.</p>

<p>Este manto es uno de los pocos textiles Paracas confeccionado en doble tela cuya decoración se logra a medida que se va tejiendo. Presenta diseños iguales en ambas caras, con los colores alternados entre las figuras y el fondo. El motivo principal es el Ser de los Grandes Ojos, de perfil y dotado de atributos [&hellip;]</p>
