{"id":38871,"date":"2017-01-18T17:34:17","date_gmt":"2017-01-18T20:34:17","guid":{"rendered":"http:\/\/www.precolombino.cl\/?page_id=38871"},"modified":"2017-03-07T16:24:44","modified_gmt":"2017-03-07T19:24:44","slug":"en-las-animas-estan-los-origenes-del-arte-y-la-cultura-diaguita","status":"publish","type":"page","link":"https:\/\/precolombino.cl\/wp\/exposiciones\/exposiciones-temporales\/el-arte-de-ser-diaguita\/maneras-de-ser-diaguita-antes-de-los-inkas\/en-las-animas-estan-los-origenes-del-arte-y-la-cultura-diaguita\/","title":{"rendered":"En Las \u00c1nimas est\u00e1n los or\u00edgenes del arte y la cultura Diaguita"},"content":{"rendered":"<p>Las poblaciones Las \u00c1nimas ocuparon los valles y costa del Norte Chico entre 800 y 1200 d.C. Durante un tiempo, Las \u00c1nimas y Diaguitas compartieron m\u00e1s un menos un mismo territorio y ciertos rasgos culturales como la deformaci\u00f3n craneana y el consumo de alucin\u00f3genos. Los alfareros Las \u00c1nimas usaron formas, dise\u00f1os y colores en la cer\u00e1mica que contribuyeron a la identidad Diaguita propiamente tal.<\/p>","protected":false},"excerpt":{"rendered":"<p>Las poblaciones Las \u00c1nimas ocuparon los valles y costa del Norte Chico entre 800 y 1200 d.C. Durante un tiempo, Las \u00c1nimas y Diaguitas compartieron m\u00e1s un menos un mismo territorio y ciertos rasgos culturales como la deformaci\u00f3n craneana y el consumo de alucin\u00f3genos. Los alfareros Las \u00c1nimas usaron formas, dise\u00f1os y colores en la [&hellip;]<\/p>\n","protected":false},"author":1,"featured_media":0,"parent":38867,"menu_order":1,"comment_status":"open","ping_status":"open","template":"page-nieto-expo-temporal-html.php","meta":{"ngg_post_thumbnail":0},"_links":{"self":[{"href":"https:\/\/precolombino.cl\/wp\/wp-json\/wp\/v2\/pages\/38871"}],"collection":[{"href":"https:\/\/precolombino.cl\/wp\/wp-json\/wp\/v2\/pages"}],"about":[{"href":"https:\/\/precolombino.cl\/wp\/wp-json\/wp\/v2\/types\/page"}],"author":[{"embeddable":true,"href":"https:\/\/precolombino.cl\/wp\/wp-json\/wp\/v2\/users\/1"}],"replies":[{"embeddable":true,"href":"https:\/\/precolombino.cl\/wp\/wp-json\/wp\/v2\/comments?post=38871"}],"version-history":[{"count":2,"href":"https:\/\/precolombino.cl\/wp\/wp-json\/wp\/v2\/pages\/38871\/revisions"}],"predecessor-version":[{"id":39216,"href":"https:\/\/precolombino.cl\/wp\/wp-json\/wp\/v2\/pages\/38871\/revisions\/39216"}],"up":[{"embeddable":true,"href":"https:\/\/precolombino.cl\/wp\/wp-json\/wp\/v2\/pages\/38867"}],"wp:attachment":[{"href":"https:\/\/precolombino.cl\/wp\/wp-json\/wp\/v2\/media?parent=38871"}],"curies":[{"name":"wp","href":"https:\/\/api.w.org\/{rel}","templated":true}]}}

En Las Ánimas están los orígenes del arte y la cultura Diaguita

<p>Las poblaciones Las Ánimas ocuparon los valles y costa del Norte Chico entre 800 y 1200 d.C. Durante un tiempo, Las Ánimas y Diaguitas compartieron más un menos un mismo territorio y ciertos rasgos culturales como la deformación craneana y el consumo de alucinógenos. Los alfareros Las Ánimas usaron formas, diseños y colores en la cerámica que contribuyeron a la identidad Diaguita propiamente tal.</p>

<p>Las poblaciones Las Ánimas ocuparon los valles y costa del Norte Chico entre 800 y 1200 d.C. Durante un tiempo, Las Ánimas y Diaguitas compartieron más un menos un mismo territorio y ciertos rasgos culturales como la deformación craneana y el consumo de alucinógenos. Los alfareros Las Ánimas usaron formas, diseños y colores en la [&hellip;]</p>
