{"id":43923,"date":"2019-01-02T18:04:33","date_gmt":"2019-01-02T21:04:33","guid":{"rendered":"http:\/\/www.precolombino.cl\/?page_id=43923"},"modified":"2019-04-25T18:06:20","modified_gmt":"2019-04-25T21:06:20","slug":"calendarios","status":"publish","type":"page","link":"https:\/\/precolombino.cl\/wp\/exposiciones\/exposiciones-temporales\/fiesta-de-las-imagenes-en-los-andes\/nawray-pacha-los-mundos-y-los-tiempos\/calendarios\/","title":{"rendered":"Calendarios"},"content":{"rendered":"<p>Las distintas sociedades andinas ten\u00edan, al igual que la mayor parte de las culturas, complejas concepciones acerca del tiempo y de la organizaci\u00f3n de este para la vida que quedaron manifestadas en sus cer\u00e1micas, textiles, queros, arte rupestre, etc. Estos objetos muestran los ciclos de las actividades anuales, como los carnavales y el tiempo de las siembras y las cosechas, la temporada de matrimonios, o de la salida de los caravaneros a lejanas tierras para intercambiar productos.<\/p>","protected":false},"excerpt":{"rendered":"<p>Las distintas sociedades andinas ten\u00edan, al igual que la mayor parte de las culturas, complejas concepciones acerca del tiempo y de la organizaci\u00f3n de este para la vida que quedaron manifestadas en sus cer\u00e1micas, textiles, queros, arte rupestre, etc. Estos objetos muestran los ciclos de las actividades anuales, como los carnavales y el tiempo de [&hellip;]<\/p>\n","protected":false},"author":11,"featured_media":0,"parent":43914,"menu_order":2,"comment_status":"open","ping_status":"closed","template":"page-nieto-expo-temporal-html.php","meta":{"ngg_post_thumbnail":0},"_links":{"self":[{"href":"https:\/\/precolombino.cl\/wp\/wp-json\/wp\/v2\/pages\/43923"}],"collection":[{"href":"https:\/\/precolombino.cl\/wp\/wp-json\/wp\/v2\/pages"}],"about":[{"href":"https:\/\/precolombino.cl\/wp\/wp-json\/wp\/v2\/types\/page"}],"author":[{"embeddable":true,"href":"https:\/\/precolombino.cl\/wp\/wp-json\/wp\/v2\/users\/11"}],"replies":[{"embeddable":true,"href":"https:\/\/precolombino.cl\/wp\/wp-json\/wp\/v2\/comments?post=43923"}],"version-history":[{"count":1,"href":"https:\/\/precolombino.cl\/wp\/wp-json\/wp\/v2\/pages\/43923\/revisions"}],"predecessor-version":[{"id":43924,"href":"https:\/\/precolombino.cl\/wp\/wp-json\/wp\/v2\/pages\/43923\/revisions\/43924"}],"up":[{"embeddable":true,"href":"https:\/\/precolombino.cl\/wp\/wp-json\/wp\/v2\/pages\/43914"}],"wp:attachment":[{"href":"https:\/\/precolombino.cl\/wp\/wp-json\/wp\/v2\/media?parent=43923"}],"curies":[{"name":"wp","href":"https:\/\/api.w.org\/{rel}","templated":true}]}}

<p>Las distintas sociedades andinas tenían, al igual que la mayor parte de las culturas, complejas concepciones acerca del tiempo y de la organización de este para la vida que quedaron manifestadas en sus cerámicas, textiles, queros, arte rupestre, etc. Estos objetos muestran los ciclos de las actividades anuales, como los carnavales y el tiempo de las siembras y las cosechas, la temporada de matrimonios, o de la salida de los caravaneros a lejanas tierras para intercambiar productos.</p>

<p>Las distintas sociedades andinas tenían, al igual que la mayor parte de las culturas, complejas concepciones acerca del tiempo y de la organización de este para la vida que quedaron manifestadas en sus cerámicas, textiles, queros, arte rupestre, etc. Estos objetos muestran los ciclos de las actividades anuales, como los carnavales y el tiempo de [&hellip;]</p>
